{"id":30,"date":"2013-12-12T11:46:05","date_gmt":"2013-12-12T11:46:05","guid":{"rendered":"http:\/\/etyekituzep.hu\/?page_id=30"},"modified":"2022-08-02T08:57:44","modified_gmt":"2022-08-02T08:57:44","slug":"termekek","status":"publish","type":"page","link":"https:\/\/etyekituzep.hu\/?page_id=30","title":{"rendered":"Term\u00e9keink"},"content":{"rendered":"\t\t<div data-elementor-type=\"wp-page\" data-elementor-id=\"30\" class=\"elementor elementor-30\">\n\t\t\t\t\t\t\t\t\t<section class=\"elementor-section elementor-top-section elementor-element elementor-element-e245288 elementor-section-boxed elementor-section-height-default elementor-section-height-default\" data-id=\"e245288\" data-element_type=\"section\" data-settings=\"{&quot;jet_parallax_layout_list&quot;:[{&quot;jet_parallax_layout_image&quot;:{&quot;url&quot;:&quot;&quot;,&quot;id&quot;:&quot;&quot;},&quot;_id&quot;:&quot;74f7499&quot;,&quot;jet_parallax_layout_image_tablet&quot;:{&quot;url&quot;:&quot;&quot;,&quot;id&quot;:&quot;&quot;},&quot;jet_parallax_layout_image_mobile&quot;:{&quot;url&quot;:&quot;&quot;,&quot;id&quot;:&quot;&quot;},&quot;jet_parallax_layout_speed&quot;:{&quot;unit&quot;:&quot;%&quot;,&quot;size&quot;:50,&quot;sizes&quot;:[]},&quot;jet_parallax_layout_type&quot;:&quot;scroll&quot;,&quot;jet_parallax_layout_direction&quot;:null,&quot;jet_parallax_layout_fx_direction&quot;:null,&quot;jet_parallax_layout_z_index&quot;:&quot;&quot;,&quot;jet_parallax_layout_bg_x&quot;:50,&quot;jet_parallax_layout_bg_x_tablet&quot;:&quot;&quot;,&quot;jet_parallax_layout_bg_x_mobile&quot;:&quot;&quot;,&quot;jet_parallax_layout_bg_y&quot;:50,&quot;jet_parallax_layout_bg_y_tablet&quot;:&quot;&quot;,&quot;jet_parallax_layout_bg_y_mobile&quot;:&quot;&quot;,&quot;jet_parallax_layout_bg_size&quot;:&quot;auto&quot;,&quot;jet_parallax_layout_bg_size_tablet&quot;:&quot;&quot;,&quot;jet_parallax_layout_bg_size_mobile&quot;:&quot;&quot;,&quot;jet_parallax_layout_animation_prop&quot;:&quot;transform&quot;,&quot;jet_parallax_layout_on&quot;:[&quot;desktop&quot;,&quot;tablet&quot;]}]}\">\n\t\t\t\t\t\t<div class=\"elementor-container elementor-column-gap-default\">\n\t\t\t\t\t<div class=\"elementor-column elementor-col-100 elementor-top-column elementor-element elementor-element-5bc9f922\" data-id=\"5bc9f922\" data-element_type=\"column\">\n\t\t\t<div class=\"elementor-widget-wrap elementor-element-populated\">\n\t\t\t\t\t\t\t\t<div class=\"elementor-element elementor-element-43b383d3 et_termekeink elementor-widget elementor-widget-text-editor\" data-id=\"43b383d3\" data-element_type=\"widget\" data-widget_type=\"text-editor.default\">\n\t\t\t\t<div class=\"elementor-widget-container\">\n\t\t\t\t\t\t\t<p>Az otthon nem csak egy egyszer\u0171 kifejez\u00e9s a helyre, ahol \u00e9l\u00fcnk, hanem mi magunk t\u00f6ltj\u00fck meg tartalommal, \u00e9lettel, \u00edzl\u00e9ssel, komforttal. A hely, amely k\u00f6rbe \u00f6leli a csal\u00e1dot. Minden egyes n\u00e9gyzetm\u00e9tere a mi\u00e9nk. Amib\u0151l fel\u00e9p\u00fcl, azok az \u00e9p\u00edt\u0151anyagok, amelyek k\u00f6z\u00fcl a legt\u00f6bb mindent meg tud v\u00e1s\u00e1rolni n\u00e1lunk. Legyen sz\u00f3 ak\u00e1r fel\u00faj\u00edt\u00e1sr\u00f3l, ak\u00e1r \u00faj \u00e9p\u00edt\u00e9sr\u0151l, a hazai \u00e9p\u00edt\u0151anyag v\u00e1laszt\u00e9k legmagasabb min\u0151s\u00e9g\u0171 elemeit megkapja n\u00e1lunk.<\/p><h2>T\u00c9GL\u00c1K, FALAZ\u00d3ELEMEK, GEREND\u00c1K, ZSALUK\u00d6VEK<\/h2><p><img decoding=\"async\" loading=\"lazy\" class=\"alignleft wp-image-1080 size-medium\" src=\"https:\/\/etyekituzep.hu\/wp-content\/uploads\/2021\/07\/T\u00e9gl\u00e1k-300x179.jpg\" alt=\"\" width=\"300\" height=\"179\" srcset=\"https:\/\/etyekituzep.hu\/wp-content\/uploads\/2021\/07\/T\u00e9gl\u00e1k-300x179.jpg 300w, https:\/\/etyekituzep.hu\/wp-content\/uploads\/2021\/07\/T\u00e9gl\u00e1k-1024x611.jpg 1024w, https:\/\/etyekituzep.hu\/wp-content\/uploads\/2021\/07\/T\u00e9gl\u00e1k-768x458.jpg 768w, https:\/\/etyekituzep.hu\/wp-content\/uploads\/2021\/07\/T\u00e9gl\u00e1k-1536x916.jpg 1536w, https:\/\/etyekituzep.hu\/wp-content\/uploads\/2021\/07\/T\u00e9gl\u00e1k.jpg 1920w\" sizes=\"(max-width: 300px) 100vw, 300px\" \/>A k\u00fcl\u00f6nb\u00f6z\u0151 t\u00e9gl\u00e1k \u00e9s falaz\u00f3elemek, gerend\u00e1k a val\u00f3di \u00e9p\u00edt\u0151kock\u00e1i az \u00e9p\u00edtkez\u00e9snek. Az Etyeki T\u00fcz\u00e9pn\u00e9l a Wienerberger sz\u00e9les ker\u00e1mia term\u00e9kv\u00e1laszt\u00e1ka \u00e9rhet\u0151 el: v\u00e1laszfal t\u00e9gl\u00e1k, kism\u00e9ret\u0171 t\u00f6m\u00f6r t\u00e9gl\u00e1k, N, T, N+F, hangg\u00e1tl\u00f3 t\u00e9gl\u00e1k, \u00e1thidal\u00f3k, f\u00f6d\u00e9mrendszerek, a Porotherm csal\u00e1d \u00f6sszes eleme. A magyar tulajdon\u00fa Bakonytherm ker\u00e1mia term\u00e9kei is a v\u00e1s\u00e1rl\u00f3k rendelkez\u00e9s\u00e9re \u00e1llnak, ahogy a Leier t\u00e9gl\u00e1k teljes v\u00e1laszt\u00e9ka is. Aki p\u00f3rusbetonban gondolkodik, annak az Ytong \u00e9p\u00edt\u00e9si rendszer\u00e9t aj\u00e1nljuk, ak\u00e1r f\u0151falakhoz, ak\u00e1r v\u00e1laszfalakhoz, \u00e1thidal\u00f3khoz, zsaluelemkehez keres term\u00e9ket.<\/p><div style=\"clear: both;\">\u00a0<\/div><h2>H\u0150SZIGETEL\u0150 ANYAGOK<\/h2><p><img decoding=\"async\" loading=\"lazy\" class=\"size-medium wp-image-1079 alignleft\" src=\"https:\/\/etyekituzep.hu\/wp-content\/uploads\/2021\/07\/H\u0151szigetel\u00e9s-300x200.jpg\" alt=\"\" width=\"300\" height=\"200\" srcset=\"https:\/\/etyekituzep.hu\/wp-content\/uploads\/2021\/07\/H\u0151szigetel\u00e9s-300x200.jpg 300w, https:\/\/etyekituzep.hu\/wp-content\/uploads\/2021\/07\/H\u0151szigetel\u00e9s-768x511.jpg 768w, https:\/\/etyekituzep.hu\/wp-content\/uploads\/2021\/07\/H\u0151szigetel\u00e9s.jpg 1000w\" sizes=\"(max-width: 300px) 100vw, 300px\" \/>A modern \u00e9p\u00fcletek egyik legf\u0151bb \u00e9rt\u00e9ke a jelent\u0151s h\u0151szigetel\u00e9s, ami t\u00e9len megtartja a benti meleget, ny\u00e1ron pedig nem engedi felforr\u00f3sodni a bels\u0151 helyis\u00e9geket. Az Etyeki T\u00fcz\u00e9p k\u00edn\u00e1lat\u00e1ban az \u00f6sszes modern szigetel\u0151anyag: grafitos \u00e9s hagyom\u00e1nyos polisztirol (EPS), k\u0151zetgyapot \u00e9s \u00e1sv\u00e1nygyapot szigetel\u0151anyag megtal\u00e1lhat\u00f3.<\/p><div style=\"clear: both;\">\u00a0<\/div><h2>BURKOLATRAGASZT\u00d3K V\u00cdZSZIGETEL\u00c9SEK \u00c9S \u00c9P\u00cdT\u0150IPARI VEGYIANYAGOK<\/h2><p><img decoding=\"async\" loading=\"lazy\" class=\"wp-image-1106 size-medium alignleft\" src=\"https:\/\/etyekituzep.hu\/wp-content\/uploads\/2021\/07\/Burkolatragaszt\u00f3k-1-300x150.jpg\" alt=\"\" width=\"300\" height=\"150\" srcset=\"https:\/\/etyekituzep.hu\/wp-content\/uploads\/2021\/07\/Burkolatragaszt\u00f3k-1-300x150.jpg 300w, https:\/\/etyekituzep.hu\/wp-content\/uploads\/2021\/07\/Burkolatragaszt\u00f3k-1-1024x512.jpg 1024w, https:\/\/etyekituzep.hu\/wp-content\/uploads\/2021\/07\/Burkolatragaszt\u00f3k-1-768x384.jpg 768w, https:\/\/etyekituzep.hu\/wp-content\/uploads\/2021\/07\/Burkolatragaszt\u00f3k-1.jpg 1200w\" sizes=\"(max-width: 300px) 100vw, 300px\" \/>A h\u00e1z \u00e9ke lehet egy eszt\u00e9tikus burkolat seg\u00edts\u00e9g\u00e9vel kialak\u00edtott helyis\u00e9g, legyen sz\u00f3 ak\u00e1r ker\u00e1mia-, k\u0151- vagy cementlapokr\u00f3l, mozaikr\u00f3l, vagy b\u00e1rmilyen parkett\u00e1r\u00f3l. A Mapei professzion\u00e1lis burkolatragaszt\u00f3i, fug\u00e1z\u00f3i, alapoz\u00f3i, aljzatkiegyenl\u00edt\u0151i, szigetel\u00e9sei \u00e9s egy\u00e9b \u00e9p\u00edt\u00e9sk\u00e9miai term\u00e9kei \u00e1llnak az Etyeki T\u00fcz\u00e9pn\u00e9l az \u00e9rdekl\u0151d\u0151k rendelkez\u00e9s\u00e9re.<\/p><div style=\"clear: both;\">\u00a0<\/div><h2>GIPSZKARTON<\/h2><p><img decoding=\"async\" loading=\"lazy\" class=\"size-medium wp-image-1078 alignleft\" src=\"https:\/\/etyekituzep.hu\/wp-content\/uploads\/2021\/07\/Gpszkarton-300x159.jpg\" alt=\"\" width=\"300\" height=\"159\" srcset=\"https:\/\/etyekituzep.hu\/wp-content\/uploads\/2021\/07\/Gpszkarton-300x159.jpg 300w, https:\/\/etyekituzep.hu\/wp-content\/uploads\/2021\/07\/Gpszkarton-1024x542.jpg 1024w, https:\/\/etyekituzep.hu\/wp-content\/uploads\/2021\/07\/Gpszkarton-768x406.jpg 768w, https:\/\/etyekituzep.hu\/wp-content\/uploads\/2021\/07\/Gpszkarton.jpg 1172w\" sizes=\"(max-width: 300px) 100vw, 300px\" \/>A sz\u00e1raz\u00e9p\u00edt\u00e9szet alapanyaga a gipszkarton, amit v\u00e1laszfalaz\u00e1son, tet\u0151s\u00edkok fed\u00e9s\u00e9n, \u00e1lmennyezet k\u00e9sz\u00edt\u00e9sen k\u00edv\u00fcl fix b\u00fatorokhoz vagy vil\u00e1g\u00edt\u00e1si megold\u00e1sokhoz is haszn\u00e1lhatunk. A modern fejleszt\u00e9seknek k\u00f6sz\u00f6nhet\u0151an m\u00e1r h\u0151- \u00e9s hangszigetel\u0151 gipszkarton lapok is a rendelkez\u00e9sre \u00e1llnak. N\u00e1lunk nem csak a gipszkarton lapokat, de az \u00f6sszes sz\u00fcks\u00e9ges f\u00fcggeszt\u0151t, kengyelt, told\u00f3t, csavart \u00e9s k\u00f6t\u0151elemet is megtal\u00e1lj\u00e1k. Term\u00e9szetesen a h\u00e9zagol\u00f3, glettel\u0151 \u00e9s ragaszt\u00f3 anyagok is a k\u00edn\u00e1latunk r\u00e9sz\u00e9t k\u00e9pzik.<\/p><div style=\"clear: both;\">\u00a0<\/div><h2>V\u00cdZELVEZET\u0150 RENDSZEREK H\u00c1ZON K\u00cdV\u00dcL \u00c9S BEL\u00dcL<\/h2><p><img decoding=\"async\" loading=\"lazy\" class=\"size-medium wp-image-1084 alignleft\" src=\"https:\/\/etyekituzep.hu\/wp-content\/uploads\/2021\/07\/V\u00edzelvezet\u0151-300x167.jpg\" alt=\"\" width=\"300\" height=\"167\" srcset=\"https:\/\/etyekituzep.hu\/wp-content\/uploads\/2021\/07\/V\u00edzelvezet\u0151-300x167.jpg 300w, https:\/\/etyekituzep.hu\/wp-content\/uploads\/2021\/07\/V\u00edzelvezet\u0151-768x427.jpg 768w, https:\/\/etyekituzep.hu\/wp-content\/uploads\/2021\/07\/V\u00edzelvezet\u0151.jpg 900w\" sizes=\"(max-width: 300px) 100vw, 300px\" \/>A v\u00edzelvezet\u0151 foly\u00f3k\u00e1k biztos\u00edtj\u00e1k, hogy a h\u00e1zunk \u201esz\u00e1raz l\u00e1bbal\u201d v\u00e9szelje \u00e1t a legzordabb id\u0151j\u00e1r\u00e1si k\u00f6r\u00fclm\u00e9nyt is. Az ACO professzion\u00e1lis megold\u00e1sai h\u00e1zon k\u00edv\u00fcl, \u00e9s zuhanyfoly\u00f3k\u00e1inak k\u00f6sz\u00f6nhet\u0151en a f\u00fcrd\u0151szob\u00e1ban is \u00f3vj\u00e1k az \u00e9p\u00fcleteket a felesleges nedvess\u00e9gt\u0151l.<\/p><div style=\"clear: both;\">\u00a0<\/div><h2>TET\u0150FED\u0150 ANYAGOK<\/h2><p><img decoding=\"async\" loading=\"lazy\" class=\"size-medium wp-image-1081 alignleft\" src=\"https:\/\/etyekituzep.hu\/wp-content\/uploads\/2021\/07\/Tet\u0151cser\u00e9p-300x200.jpg\" alt=\"\" width=\"300\" height=\"200\" srcset=\"https:\/\/etyekituzep.hu\/wp-content\/uploads\/2021\/07\/Tet\u0151cser\u00e9p-300x200.jpg 300w, https:\/\/etyekituzep.hu\/wp-content\/uploads\/2021\/07\/Tet\u0151cser\u00e9p.jpg 600w\" sizes=\"(max-width: 300px) 100vw, 300px\" \/>A tet\u0151 st\u00edlusa sok esetben meghat\u00e1rozhatja a teljes \u00e9p\u00fcletet eszt\u00e9tikai szempontb\u00f3l. A kor\u00e1bbi \u00e9vek mediterr\u00e1n jelleg\u0171, alacsony hajl\u00e1ssz\u00f6g\u0171, foltos fel\u00fclet\u0171, hull\u00e1mos cserepeit lassan lev\u00e1ltj\u00e1k a s\u00f6t\u00e9t t\u00f3nus\u00fa s\u00edk cserepek, de n\u00e1lunk mindegyik megtal\u00e1lhat\u00f3. A betoncser\u00e9pt\u0151l a ker\u00e1mia cser\u00e9pig, a hagyom\u00e1nyos piros h\u00f3dfark\u00fa cser\u00e9pt\u0151l a nagy, s\u00edk cserepekig sz\u00e9les v\u00e1laszt\u00e9kkal \u00e1llunk az \u00e9rdekl\u0151d\u0151k rendelkez\u00e9s\u00e9re.<\/p><div style=\"clear: both;\">\u00a0<\/div><h2>TET\u0150ABLAKOK<\/h2><p><img decoding=\"async\" loading=\"lazy\" class=\"size-medium wp-image-1082 alignleft\" src=\"https:\/\/etyekituzep.hu\/wp-content\/uploads\/2021\/07\/Tet\u0151t\u00e9ri-ablakok-300x225.jpg\" alt=\"\" width=\"300\" height=\"225\" srcset=\"https:\/\/etyekituzep.hu\/wp-content\/uploads\/2021\/07\/Tet\u0151t\u00e9ri-ablakok-300x225.jpg 300w, https:\/\/etyekituzep.hu\/wp-content\/uploads\/2021\/07\/Tet\u0151t\u00e9ri-ablakok.jpg 700w\" sizes=\"(max-width: 300px) 100vw, 300px\" \/>A tet\u0151terek be\u00e9p\u00edt\u00e9s\u00e9hez elengedhetetlen a b\u0151s\u00e9ges mennyis\u00e9g\u0171 term\u00e9szetes f\u00e9ny biztos\u00edt\u00e1sa. A modern tet\u0151ablakok energiahat\u00e9kony m\u00f3don nyitj\u00e1k meg a magastet\u0151ket. Izgalmas megold\u00e1st biztos\u00edthatnak a felny\u00edl\u00f3, billen\u0151, vagy automatikus tet\u0151t\u00e9ri ablakok, egym\u00e1s mell\u00e9 \u00e9s f\u00f6l\u00e9 sorolt elhelyez\u00e9ssel, erk\u00e9lly\u00e9 nyithat\u00f3 vari\u00e1ci\u00f3kkal. Term\u00e9szetesen nem maradhatnak el a ny\u00e1ri h\u0151s\u00e9get tomp\u00edt\u00f3 \u00e1rny\u00e9kol\u00f3k, f\u00e9nyz\u00e1r\u00f3 r\u00f3l\u00f3k sem.<\/p><div style=\"clear: both;\">\u00a0<\/div><h2>VAKOLATOK, HABARCSOK<\/h2><p><img decoding=\"async\" loading=\"lazy\" class=\"size-medium wp-image-1083 alignleft\" src=\"https:\/\/etyekituzep.hu\/wp-content\/uploads\/2021\/07\/Vakolat-300x234.jpg\" alt=\"\" width=\"300\" height=\"234\" srcset=\"https:\/\/etyekituzep.hu\/wp-content\/uploads\/2021\/07\/Vakolat-300x234.jpg 300w, https:\/\/etyekituzep.hu\/wp-content\/uploads\/2021\/07\/Vakolat.jpg 584w\" sizes=\"(max-width: 300px) 100vw, 300px\" \/>A h\u0151szigetel\u00e9sek befejez\u0151 r\u00e9tege a vakolat, amely a sziv\u00e1rv\u00e1ny b\u00e1rmely sz\u00edn\u00e9ben k\u00e9rhet\u0151. A mai kor technol\u00f3gi\u00e1ja t\u00f6bbf\u00e9le megold\u00e1st tesz lehet\u0151v\u00e9, szilkon, szilik\u00e1t, akril vakolat form\u00e1j\u00e1ban, tov\u00e1bbi r\u00e9szletek\u00e9rt \u00e9rdekl\u0151dj\u00f6n weboldalunkon, vagy telephelyeinken.<\/p><div style=\"clear: both;\">\u00a0<\/div><h2>FAANYAGOK<\/h2><p><img decoding=\"async\" loading=\"lazy\" class=\"size-medium wp-image-1077 alignleft\" src=\"https:\/\/etyekituzep.hu\/wp-content\/uploads\/2021\/07\/Faanyagok-300x163.jpg\" alt=\"\" width=\"300\" height=\"163\" srcset=\"https:\/\/etyekituzep.hu\/wp-content\/uploads\/2021\/07\/Faanyagok-300x163.jpg 300w, https:\/\/etyekituzep.hu\/wp-content\/uploads\/2021\/07\/Faanyagok-768x418.jpg 768w, https:\/\/etyekituzep.hu\/wp-content\/uploads\/2021\/07\/Faanyagok.jpg 851w\" sizes=\"(max-width: 300px) 100vw, 300px\" \/>\u00c1csszerkezetek k\u00e9sz\u00edt\u00e9s\u00e9hez sz\u00fcks\u00e9ges faanyagok, \u00e9s t\u0171zifa is megtal\u00e1lhat\u00f3 az Etyeki T\u00fcz\u00e9p k\u00edn\u00e1lat\u00e1ban.<\/p><p style=\"font-weight: 400;\"><strong>C\u00e9gn\u00e9v:<\/strong> Etyeki T\u00fcz\u00e9p Kft.<br \/><strong>EUTR technikai azonos\u00edt\u00f3 vagy Erd\u0151gazd\u00e1lkod\u00f3i k\u00f3d:<\/strong>\u00a0AA5852651<\/p>\t\t\t\t\t\t<\/div>\n\t\t\t\t<\/div>\n\t\t\t\t\t<\/div>\n\t\t<\/div>\n\t\t\t\t\t\t\t<\/div>\n\t\t<\/section>\n\t\t\t\t\t\t\t<\/div>\n\t\t","protected":false},"excerpt":{"rendered":"<p>Az otthon nem csak egy egyszer\u0171 kifejez\u00e9s a helyre, ahol \u00e9l\u00fcnk, hanem mi magunk t\u00f6ltj\u00fck meg tartalommal, \u00e9lettel, \u00edzl\u00e9ssel, komforttal. A hely, amely k\u00f6rbe \u00f6leli a csal\u00e1dot. Minden egyes n\u00e9gyzetm\u00e9tere a mi\u00e9nk. Amib\u0151l fel\u00e9p\u00fcl, azok az \u00e9p\u00edt\u0151anyagok, amelyek k\u00f6z\u00fcl a legt\u00f6bb mindent meg tud v\u00e1s\u00e1rolni n\u00e1lunk. Legyen sz\u00f3 ak\u00e1r fel\u00faj\u00edt\u00e1sr\u00f3l, ak\u00e1r \u00faj \u00e9p\u00edt\u00e9sr\u0151l, a hazai &#8230; <a title=\"Term\u00e9keink\" class=\"read-more\" href=\"https:\/\/etyekituzep.hu\/?page_id=30\" aria-label=\"Tov\u00e1bbiak Term\u00e9keink\">Olvass tov\u00e1bb<\/a><\/p>\n","protected":false},"author":2,"featured_media":0,"parent":0,"menu_order":0,"comment_status":"closed","ping_status":"closed","template":"","meta":[],"aioseo_notices":[],"_links":{"self":[{"href":"https:\/\/etyekituzep.hu\/index.php?rest_route=\/wp\/v2\/pages\/30"}],"collection":[{"href":"https:\/\/etyekituzep.hu\/index.php?rest_route=\/wp\/v2\/pages"}],"about":[{"href":"https:\/\/etyekituzep.hu\/index.php?rest_route=\/wp\/v2\/types\/page"}],"author":[{"embeddable":true,"href":"https:\/\/etyekituzep.hu\/index.php?rest_route=\/wp\/v2\/users\/2"}],"replies":[{"embeddable":true,"href":"https:\/\/etyekituzep.hu\/index.php?rest_route=%2Fwp%2Fv2%2Fcomments&post=30"}],"version-history":[{"count":18,"href":"https:\/\/etyekituzep.hu\/index.php?rest_route=\/wp\/v2\/pages\/30\/revisions"}],"predecessor-version":[{"id":1167,"href":"https:\/\/etyekituzep.hu\/index.php?rest_route=\/wp\/v2\/pages\/30\/revisions\/1167"}],"wp:attachment":[{"href":"https:\/\/etyekituzep.hu\/index.php?rest_route=%2Fwp%2Fv2%2Fmedia&parent=30"}],"curies":[{"name":"wp","href":"https:\/\/api.w.org\/{rel}","templated":true}]}}