{"id":56,"date":"2014-01-31T08:42:46","date_gmt":"2014-01-31T08:42:46","guid":{"rendered":"http:\/\/etyekituzep.hu\/?page_id=56"},"modified":"2014-06-27T09:03:26","modified_gmt":"2014-06-27T09:03:26","slug":"ajanlatkeres","status":"publish","type":"page","link":"https:\/\/etyekituzep.hu\/?page_id=56","title":{"rendered":"Aj\u00e1nlatk\u00e9r\u00e9s"},"content":{"rendered":"<p>Tisztelt L\u00e1togat\u00f3!<\/p>\n<p>K\u00e9rj\u00fck, adja meg adatait, hogy koll\u00e9g\u00e1ink felvehess\u00e9k \u00d6nnel a kapcsolatot, \u00e9s sok esetben az interneten fellelhet\u0151 \u00e1rn\u00e1l is <strong>jobb kedvezm\u00e9nyekkel, szem\u00e9lyes szaktan\u00e1csad\u00e1ssal<\/strong> tudj\u00e1k garant\u00e1lni \u00d6nnek a <strong>gondtalan \u00e9p\u00edtkez\u00e9st<\/strong>, az <strong>eredm\u00e9nyes munk\u00e1t<\/strong> \u00e9s <strong>k\u00f6lts\u00e9ghat\u00e9kony fejleszt\u00e9st.<\/strong><\/p>\n<div role=\"form\" class=\"wpcf7\" id=\"wpcf7-f58-o1\" lang=\"hu-HU\" dir=\"ltr\">\n<div class=\"screen-reader-response\"><p role=\"status\" aria-live=\"polite\" aria-atomic=\"true\"><\/p> <ul><\/ul><\/div>\n<form action=\"\/index.php?rest_route=%2Fwp%2Fv2%2Fpages%2F56#wpcf7-f58-o1\" method=\"post\" class=\"wpcf7-form init\" enctype=\"multipart\/form-data\" novalidate=\"novalidate\" data-status=\"init\">\n<div style=\"display: none;\">\n<input type=\"hidden\" name=\"_wpcf7\" value=\"58\" \/>\n<input type=\"hidden\" name=\"_wpcf7_version\" value=\"5.3.2\" \/>\n<input type=\"hidden\" name=\"_wpcf7_locale\" value=\"hu_HU\" \/>\n<input type=\"hidden\" name=\"_wpcf7_unit_tag\" value=\"wpcf7-f58-o1\" \/>\n<input type=\"hidden\" name=\"_wpcf7_container_post\" value=\"0\" \/>\n<input type=\"hidden\" name=\"_wpcf7_posted_data_hash\" value=\"\" \/>\n<\/div>\n<div class=\"adatok\">\n<p>Vezet\u00e9kn\u00e9v*:<br \/>\n    <span class=\"wpcf7-form-control-wrap vname\"><input type=\"text\" name=\"vname\" value=\"\" size=\"40\" class=\"wpcf7-form-control wpcf7-text wpcf7-validates-as-required\" aria-required=\"true\" aria-invalid=\"false\" \/><\/span> <\/p>\n<p>Keresztn\u00e9v*:<br \/>\n    <span class=\"wpcf7-form-control-wrap kname\"><input type=\"text\" name=\"kname\" value=\"\" size=\"40\" class=\"wpcf7-form-control wpcf7-text wpcf7-validates-as-required\" aria-required=\"true\" aria-invalid=\"false\" \/><\/span> <\/p>\n<p>Email c\u00edm*:<br \/>\n    <span class=\"wpcf7-form-control-wrap your-email\"><input type=\"email\" name=\"your-email\" value=\"\" size=\"40\" class=\"wpcf7-form-control wpcf7-text wpcf7-email wpcf7-validates-as-required wpcf7-validates-as-email\" aria-required=\"true\" aria-invalid=\"false\" \/><\/span> <\/p>\n<p>Telefonsz\u00e1m*:<br \/>\n<span class=\"wpcf7-form-control-wrap telefon\"><input type=\"text\" name=\"telefon\" value=\"\" size=\"40\" class=\"wpcf7-form-control wpcf7-text wpcf7-validates-as-required\" aria-required=\"true\" aria-invalid=\"false\" \/><\/span> <\/p>\n<p>\u00c9p\u00edtkez\u00e9s helye*:<br\/><br \/>\nIr\u00e1ny\u00edt\u00f3sz\u00e1m*: <span class=\"wpcf7-form-control-wrap helyszinirsz\"><input type=\"text\" name=\"helyszinirsz\" value=\"\" size=\"40\" class=\"wpcf7-form-control wpcf7-text wpcf7-validates-as-required\" aria-required=\"true\" aria-invalid=\"false\" placeholder=\"1234\" \/><\/span><br \/>\nV\u00e1ros: <span class=\"wpcf7-form-control-wrap helyszinvaros\"><input type=\"text\" name=\"helyszinvaros\" value=\"\" size=\"40\" class=\"wpcf7-form-control wpcf7-text\" aria-invalid=\"false\" \/><\/span><br \/>\nUtca, h\u00e1zsz\u00e1m: <span class=\"wpcf7-form-control-wrap helyszinutca\"><input type=\"text\" name=\"helyszinutca\" value=\"\" size=\"40\" class=\"wpcf7-form-control wpcf7-text\" aria-invalid=\"false\" \/><\/span>\n <\/p>\n<\/div>\n<div class=\"jovo\">\n<p>Milyen term\u00e9kekre van sz\u00fcks\u00e9ge:<br \/>\n    <span class=\"wpcf7-form-control-wrap egyeb\"><textarea name=\"egyeb\" cols=\"2\" rows=\"3\" class=\"wpcf7-form-control wpcf7-textarea wpcf7-validates-as-required\" aria-required=\"true\" aria-invalid=\"false\"><\/textarea><\/span> <\/p>\n<\/div>\n<p>F\u00e1jl csatol\u00e1sa: <span class=\"wpcf7-form-control-wrap file-131\"><input type=\"file\" name=\"file-131\" size=\"40\" class=\"wpcf7-form-control wpcf7-file\" accept=\".pdf,.doc,.docx,.xls,.xlsx,.png,.jpg,.jpeg\" aria-invalid=\"false\" \/><\/span><br \/>\n(Alaprajz, metszet, \u00e1raj\u00e1nlat-ki\u00edr\u00e1s, anyagsz\u00fcks\u00e9gleti lista stb., Max: 4MB, F\u00e1jl t\u00edpusok: pdf, doc, docx, xls, xlsx, png, jpg, jpeg)\n<\/p>\n<p>K\u00e9rj\u00fck v\u00e9gezze el az al\u00e1bbi matematikai m\u0171veletet:<br \/>\n<span class=\"wpcf7-form-control-wrap quiz-929\"><label><span class=\"wpcf7-quiz-label\">4+6=?<\/span> <input type=\"text\" name=\"quiz-929\" size=\"40\" class=\"wpcf7-form-control wpcf7-quiz\" autocomplete=\"off\" aria-required=\"true\" aria-invalid=\"false\" \/><\/label><input type=\"hidden\" name=\"_wpcf7_quiz_answer_quiz-929\" value=\"b8885d6d26ddaecd113e375ed2fcbe1e\" \/><\/span><\/p>\n<p>*Kit\u00f6lt\u00e9se k\u00f6telez\u0151<\/p>\n<p><input type=\"submit\" value=\"K\u00fcld\u00e9s\" class=\"wpcf7-form-control wpcf7-submit\" \/><\/p>\n<p><span class=\"wpcf7-form-control-wrap ID\"><input type=\"hidden\" name=\"ID\" value=\"CF7_counter=val\" size=\"40\" class=\"wpcf7-form-control wpcf7dtx-dynamictext wpcf7-dynamichidden\" aria-invalid=\"false\" \/><\/span><\/p>\n<div class=\"wpcf7-response-output\" aria-hidden=\"true\"><\/div><\/form><\/div>\n","protected":false},"excerpt":{"rendered":"<p>Tisztelt L\u00e1togat\u00f3! K\u00e9rj\u00fck, adja meg adatait, hogy koll\u00e9g\u00e1ink felvehess\u00e9k \u00d6nnel a kapcsolatot, \u00e9s sok esetben az interneten fellelhet\u0151 \u00e1rn\u00e1l is jobb kedvezm\u00e9nyekkel, szem\u00e9lyes szaktan\u00e1csad\u00e1ssal tudj\u00e1k garant\u00e1lni \u00d6nnek a gondtalan \u00e9p\u00edtkez\u00e9st, az eredm\u00e9nyes munk\u00e1t \u00e9s k\u00f6lts\u00e9ghat\u00e9kony fejleszt\u00e9st.<\/p>\n","protected":false},"author":2,"featured_media":0,"parent":0,"menu_order":0,"comment_status":"closed","ping_status":"closed","template":"","meta":[],"aioseo_notices":[],"_links":{"self":[{"href":"https:\/\/etyekituzep.hu\/index.php?rest_route=\/wp\/v2\/pages\/56"}],"collection":[{"href":"https:\/\/etyekituzep.hu\/index.php?rest_route=\/wp\/v2\/pages"}],"about":[{"href":"https:\/\/etyekituzep.hu\/index.php?rest_route=\/wp\/v2\/types\/page"}],"author":[{"embeddable":true,"href":"https:\/\/etyekituzep.hu\/index.php?rest_route=\/wp\/v2\/users\/2"}],"replies":[{"embeddable":true,"href":"https:\/\/etyekituzep.hu\/index.php?rest_route=%2Fwp%2Fv2%2Fcomments&post=56"}],"version-history":[{"count":0,"href":"https:\/\/etyekituzep.hu\/index.php?rest_route=\/wp\/v2\/pages\/56\/revisions"}],"wp:attachment":[{"href":"https:\/\/etyekituzep.hu\/index.php?rest_route=%2Fwp%2Fv2%2Fmedia&parent=56"}],"curies":[{"name":"wp","href":"https:\/\/api.w.org\/{rel}","templated":true}]}}